 w(l).
7
Let f be 1547/1092 + (34/(-8) - -3). Let k(h) be the second derivative of -f*h**4 - 1/2*h**2 + 5*h + 1/6*h**3 - 1. What is k(-2)?
-11
Let p be (5 - (-138)/(-30))/(4/120). Let l(o) = -o**2 - 12 - 3 + p + 3*o. Suppose 2*s + 2*s - 16 = 0. Give l(s).
-7
Let g(l) = 2*l - 1. Let t(y) = -3*y - 1 - 2*y + 6*y. Suppose 27*n - 24*n - 3*d = 3, -4*d = n + 19. Let u(s) = n*t(s) + 4*g(s). Determine u(1).
4
Let k(h) = -h - 3. Suppose -3*b = 5*r + 235, -b + 4*r - 36 = 31. Let t = b - -84. Let w be t + -1 + (-10 - -7). Determine k(w).
-8
Let q(l) be the first derivative of 155 - 1/4*l**4 + 1/2*l**2 + 7/3*l**3 - 7*l. What is q(7)?
0
Let q(x) be the second derivative of -14*x + 0 - 1/40*x**5 + 1/24*x**4 + 3/2*x**3 + 0*x**2. Let l(u) be the second derivative of q(u). Give l(-1).
4
Let r(k) = k**2 - 9*k - 10. Let v be r(10). Let g = 13 - 3. Let s(t) = 0*t - 19*t + 8*t + g*t - 5. Give s(v).
-5
Let s(h) be the first derivative of 3*h**2/2 - 20*h + 813. Determine s(8).
4
Let w(f) = -7*f + 5 - 8*f + 16*f + 10. Suppose 0 = -2*i + 5*m - 1, 0 = 2*m + 3*m - 5. Suppose 0*j - j = -a + 3, a = -i*j + 3. Give w(j).
15
Let j = 212 + -203. Let w(t) be the first derivative of 1/2*t**2 - 3 - j*t. Give w(8).
-1
Let j(s) = 3 - 236*s - 4*s**2 + 125*s + 2 + 122*s + 7*s**2. Give j(-4).
9
Suppose 2*s = 483 - 479. Let u(h) be the second derivative of 0 + 0*h**3 - s*h**2 - 1/20*h**5 + 1/3*h**4 - 9*h. What is u(4)?
-4
Let s(r) = 6*r**3 + 4285*r - 2134*r - 2152*r - 13*r**2 - 5*r**3 + 43. Determine s(13).
30
Let c(r) = 0*r - r**3 + 64 - 136 + 73 - 6*r - 22 - 18*r**2. Determine c(-18).
87
Let h(x) = x**3 - 7*x**2 + 10. Suppose -6*j + 3*j + i = -5, 4*j = 3*i. Suppose g + 1 - 5 = 0. Suppose -2*u + r + 31 = j*u, -5*u = g*r - 51. What is h(u)?
10
Let o(u) = u - 16. Let q be (18/(-15))/(1/5). Calculate o(q).
-22
Let r(g) = -37*g - 593. Let c(l) = 352*l + 5688. Let z(q) = 5*c(q) + 48*r(q). Calculate z(-11).
152
Let f be -5 + ((-8)/64 - 219/(-24)). Suppose 2*t + 2 = -3*s + 5*s, 5*s - t = 9. Let n(x) = 161*x + 2*x**s - x**3 + 7 + f*x**2 - 168*x. Determine n(5).
-3
Suppose -4*x = 2*q - 78, -5*q = -q - x - 156. Suppose 0 = -q*l + 32*l + 49. Let s(g) = -g**2 + g + 7. What is s(l)?
-35
Let t be 19/6 + -3 + (-210)/(-36). Let o(n) = -77*n - t + 2 + 71*n. Determine o(3).
-22
Let m(o) = -75*o + 893. Let n be m(12). Let k(u) = u**3 + 6*u**2 - 4*u + 14. Give k(n).
-7
Let b(g) = 20*g**2 + 40*g - 20. Let y(h) = -18*h**2 - 28*h + 17. Let n(x) = -3*b(x) - 4*y(x). Give n(-1).
12
Suppose -1606 = 12*v - 1678. Let n(c) = 2*c - 4*c - 2*c + c + 1. Give n(v).
-17
Let i(u) = 15*u**2 + 8044*u - 14*u**2 - 8055*u. Give i(6).
-30
Let w(q) = q**2 - 3*q + 3. Let a be w(1). Let n(z) = 0*z + a - z - 68*z**3 + 3*z**2 - 63*z**3 + 133*z**3. Give n(2).
27
Let m = 22 + -20. Let y(s) = -3*s**2 + s**3 - 7*s**3 - s**m - s + 5*s**2. Let a be (-39)/(-36) - (-12)/(-144). What is y(a)?
-6
Let l(r) = -r + 43. Let p = -8684 - -8700. Determine l(p).
27
Let p(m) = 3*m**3 + 432*m**2 + 11*m + 1581. Let b be p(-144). Let n(s) = -5*s**3 - 2*s - 7. Determine n(b).
134
Let j = -112 + 112. Suppose -15*z + j*z = -30. Let a(g) = 13 - 3 + 6*g + 0 - g**z. Give a(8).
-6
Suppose -2*h - 79 + 87 = -4*t, 3*h - 4*t = 14. Let v(w) be the first derivative of -2/3*w**3 - 4*w**2 - 6 - h*w. Determine v(-5).
-16
Let z(s) = -16*s - 201. Let q(o) = -33*o - 449. Let m(j) = 3*q(j) - 7*z(j). Give m(-5).
-5
Let l(p) = 27*p**3 + p**2 - 1. Let c be (-3)/((-6)/14) + (-568 - -560). Give l(c).
-27
Let g(u) = u**2 + 16*u - 2. Let b(l) = -10*l**2 - 127*l + 43. Let a(p) = b(p) + 9*g(p). Determine a(22).
-85
Let x(t) = 29*t + 35 - 14*t**3 + 1 - 1 + 862*t**2 - 877*t**2. Let i(r) = 5*r**3 + 5*r**2 - 10*r - 12. Let h(f) = 17*i(f) + 6*x(f). Determine h(5).
26
Let a be (260/(-25) - -3) + 48/(-80). Let z(m) = 10*m - 3. Determine z(a).
-83
Let h(o) = -o**3 + 3*o**2 - 1. Let n be (3/(-9) - (-1362)/9) + 3. Let j = n + -151. Calculate h(j).
-1
Suppose 5*s + 4*q - 25 = -q, -3*s + 2*q = -20. Let d(v) = 5*v**2 - 86. Let k(m) = 8*m**2 + m - 141. Let w(n) = -5*d(n) + 3*k(n). Determine w(s).
-11
Suppose 4*o - 3 = -3*u, 4*u - 5*o - 4 + 0 = 0. Let c(p) = 5*p**2 + p - 3. Let y(i) = 2*i**2 - 1. Let h(j) = u*c(j) - 5*y(j). Determine h(-1).
-4
Let z(a) = -4*a**3 + 2*a**2 - 3*a + 2. Let u(f) = f**3 - 31*f**2 + 171*f - 20. Let o be u(7). Determine z(o).
-3
Let j be 4/(-16) - (-81)/4. Suppose 2*i = -4*a - i + j, 2*i = -4*a + 16. Let v(n) = -423 + 2*n + 206 - 3*n**2 + 214. Determine v(a).
-11
Let l = -497 - -503. Let j be l/(-10) - 1/(15/6). Let w(n) = -7*n**2 + n. Determine w(j).
-8
Suppose -25 = 5*a, 2*y + 9 - 48 = -5*a. Let v = y - -13. Let r = -53 + v. Let q(o) = o**2 + 7*o - 4. Determine q(r).
4
Suppose 1441*c + 210 = 1483*c. Let q(b) = 4*b - 6*b**2 - 10 + b**2 + b**3 - 6. Determine q(c).
4
Suppose 2*u = u. Let k(j) be the first derivative of -j**4/4 - 27*j - 2161. Calculate k(u).
-27
Let m(o) = 16*o**2 + 1. Suppose -2*q - 17 = -3*j, 4*j - 6*q - 22 = -4*q. Let s(t) = 2*t**2 + 5*t**2 + t**3 - 6*t - 2*t**3 - 19. Let l be s(j). Calculate m(l).
17
Let a(m) be the first derivative of -m**2/2 + 3*m - 36. Let o be 2*(48/56)/((-8)/(-14)). Suppose -3*y - 3 = -3*k, o*y + k = 6*k - 13. What is a(y)?
-1
Let n(j) = 3043*j - 18266. Let x be n(6). Let y(h) = h**3 + 7*h**2 - 5*h + 2. Calculate y(x).
-22
Let j(w) = -9*w - 18. Let o(s) = -2*s - 12. Let v(d) = -j(d) + 2*o(d). Calculate v(3).
9
Let x(n) = -18*n + 2. Suppose 0 = 13*l - 21*l - 2768. Let v = l - -344. What is x(v)?
38
Let q(h) = -4*h**3 - h**2 + 1. Let f(s) = s**2 + 5*s - 8. Let m be f(6). Let y = -59 + m. What is q(y)?
4
Let p(w) = w**2 - 5*w + 8. Suppose 0 = -n + 25 - 27. Let x(d) = d**3 + 6*d**2 + 5*d. Let i be x(n). Give p(i).
14
Let f(n) = 11*n**2 + 3*n - 10. Let a(w) be the third derivative of -w**5/12 - w**4/12 + 2*w**3/3 + 4*w**2 - 14*w. Let m(z) = 9*a(z) + 4*f(z). Determine m(-6).
-4
Let w(y) be the second derivative of -37*y**3/6 + 199*y**2/2 + 7627*y. What is w(5)?
14
Let r be (((-40)/1)/(-1))/2. Suppose 5*w - 3*d + r = -8*d, -2*w - 3*d - 9 = 0. Let x(f) = f**3 + 3*f**2 - 2*f + 1. Calculate x(w).
7
Suppose 4*a - 3 + 7 = -2*j, 3*a + 4*j = -13. Let y(d) = 3 + a - 3 + 2 + d. Let v be (-19)/(-7) + 2/7. Calculate y(v).
6
Let u(o) = 32*o**2. Let x(p) = 101*p**2 + 2*p + 1. Let h(j) = -5*u(j) + x(j). Give h(-1).
-60
Let c(b) = -270*b**2 - 302*b**2 + 34 - b + 576*b**2 - 4*b**3 + 3*b**3. Determine c(5).
4
Let v(w) = -284*w**2 + 71*w**2 + 73*w**2 + 272 - 44*w + 59*w**2 + 82*w**2. Calculate v(37).
13
Let m(c) = -10*c - 13. Suppose 4*p + 2*w + 24 = 0, 0 = -3*p + 28*w - 24*w + 15. Calculate m(p).
17
Let b(h) be the first derivative of h**2/2 - 20*h - 3173. Calculate b(12).
-8
Let f(k) be the second derivative of k**4/12 + k**3/6 - 3*k. Let a be (-15)/10 + -12 + (-350)/(-28). Give f(a).
0
Let l(p) = 7*p - 9*p**2 + 4*p**3 - p**3 + 5*p - 2*p - 11 - 2*p**3. Give l(8).
5
Let f(z) = -z**3 + 4*z**2 + 10*z - 33. Let o(k) = k**2 + 82*k - 430. Let b be o(5). Calculate f(b).
-8
Let w(f) = -409 + 72*f + 1227 - 413 - 406. Give w(-1).
-73
Let m(o) = 1 - 4*o**2 + 7*o**2 - 2*o**2. Let b be m(-2). Let t(i) = 2*i**2 - 3*i**2 - 8*i + b*i. What is t(-4)?
-4
Let z(t) = t**2 - 27*t - 40. Let j be (-1098)/(-38) - (-48)/456. Give z(j).
18
Let q(x) = 7*x + 121. Suppose 65 = -10*n + 5*n + 3*g, -4*g - 100 = 5*n. Calculate q(n).
9
Let d(f) = -5*f**2 + 2*f + 4*f**2 - f + 3 + 4*f. Let c be 40/2*(1 - (-21)/(-28)). What is d(c)?
3
Let v(g) = -g**2 - 6*g - 2. Let b be (-2)/8 + 70/(-40). Let x be 6 + ((-1)/b)/(3/(-6)). Suppose -5*q - x*a = 45, 5*a + 21 = -0*q - q. What is v(q)?
-2
Suppose -9*h + 27 = -9. Let t be (-1)/((h/(-1))/(-4)). Let g(s) = 5*s**2 + s + 1. What is g(t)?
5
Let z(q) = 15*q**2 + 121*q - 25. Let c(d) = 3*d**2 + 25*d - 5. Let w(f) = 14*c(f) - 3*z(f). Calculate w(-5).
-5
Let h be (-123)/(-9) - 6/9. Let j = 20 - h. Let t(u) be the second derivative of u**4/12 - u**3 - 4*u**2 + 432*u. Calculate t(j).
-1
Let p = 11 - 8. Suppose 0*x - 5*o = -p*x + 20, -4 = 5*x + o. Let l = x - 6. Let b(c) = c**2 + 8*c + 4. What is b(l)?
-8
Let d(g) = g**3 - 10*g**2 + 3*g - 11. Suppose 395*c = -133*c + 5280. Determine d(c).
19
Suppose 2 - 11 = 3*f. Let y be 18*f/(-6) - 3. Let a(l) = -5*l**2 + 11293*l - 11300*l + 0*l**2 + l**3 + 8. Calculate a(y).
2
Suppose -101*c = -100*c - 4*m + 34, -3*c